{"id":11,"date":"2015-01-09T12:47:34","date_gmt":"2015-01-09T12:47:34","guid":{"rendered":"http:\/\/161.67.146.35\/itav\/?page_id=11"},"modified":"2021-10-30T10:27:06","modified_gmt":"2021-10-30T09:27:06","slug":"proyectos","status":"publish","type":"page","link":"https:\/\/itav.uclm.es\/itav\/?page_id=11","title":{"rendered":"Proyectos"},"content":{"rendered":"\n<figure id=\"cph_Contenidos_gv_proyecto\" class=\"wp-block-table is-style-stripes\"><table><tbody><tr><td>ARTICULO 83 &#8211; CONTRATO DE ASISTENCIA TECNICA<\/td><td>Agenda de Alfabetizaci\u00f3n medi\u00e1tica audiovisual consistente en el estudio de los procesos de desinformaci\u00f3n y consumo responsable de contenidos audiovisuales en los ciudadanos de Castilla-La Mancha.<\/td><td>14-09-2021<\/td><td>13-12-2021<\/td><\/tr><tr><td>CATEDRA-AULA<\/td><td>AULA NOWA-FLM DE INNOVACI\u00d3N ABIERTA PARA EL RETO DEMOGR\u00c1FICO EN LA UNIVERSIDAD DE CASTILLA LA MANCHA<\/td><td>30-07-2021<\/td><td>29-07-2022<\/td><\/tr><tr><td>PROYECTOS<\/td><td>LA COMUNICACI\u00d3N DEL TURISMO SOSTENIBLE COMO ESTRATEGIA DE PROMOCI\u00d3N TUR\u00cdSTICA DE LA PROVINCIA DE CUENCA. <\/td><td>01-06-2021<\/td><td>30-11-2021<\/td><\/tr><tr><td>PROYECTOS<\/td><td>2011-2021: La transformaci\u00f3n de la pol\u00edtica, la elitizaci\u00f3n cultural de la izquierda y los efectos sobre la identidad y participaci\u00f3n pol\u00edtica de la poblaci\u00f3n conquense.<\/td><td>01-06-2021<\/td><td>30-11-2021<\/td><\/tr><tr><td>FORMACI\u00d3N<\/td><td>ATENCI\u00d3N DOCENTE DE LA ASIGNATURA \u00abEJERCICIO DE LA PROFESI\u00d3N PERIOD\u00cdSTICA\u00bb, DE LOS ESTUDIOS DE CIENCIAS DE LA INFORMACI\u00d3N Y DE LA COMUNICACI\u00d3N<\/td><td>17-02-2021<\/td><td>16-07-2021<\/td><\/tr><\/tbody><\/table><figcaption><strong><span class=\"has-inline-color has-vivid-cyan-blue-color\">2021<\/span><\/strong><\/figcaption><\/figure>\n\n\n\n<p><\/p>\n\n\n\n<figure id=\"cph_Contenidos_gv_proyecto\" class=\"wp-block-table is-style-stripes\"><table><tbody><tr><td>PROYECTOS<\/td><td>PROYECTO FORMATIVO DIPUTACI\u00d3N CUENCA 2020-21 <\/td><td>01-11-2020<\/td><td>30-04-2021<\/td><\/tr><tr><td>CONTRATO PREDOCTORAL FPU<\/td><td>CARLOS MORENO AZQUETA CONTRATO PREDOCTORAL FPU2019<\/td><td>31-10-2020<\/td><td>30-10-2024<\/td><\/tr><tr><td>FORMACI\u00d3N<\/td><td>ATENCI\u00d3N DOCENTE DE LA ASIGNATURA \u00abEJERCICIO DE LA PROFESI\u00d3N PERIOD\u00cdSTICA\u00bb DE LOS ESTUDIOS DE CIENCIA S DE LA INFORMACI\u00d3N Y DE LA COMUNICACI\u00d3N<\/td><td>01-09-2020<\/td><td>17-02-2021<\/td><\/tr><tr><td>ARTICULO 83 &#8211; CONTRATO DE ASISTENCIA TECNICA<\/td><td>ESTUDIO Y ASESORIA DE LA ESTRATEGIA DE COMUNICACI\u00d3N CORPORATIVA DE A ASOCIACI\u00d3N ROOSEVELT<\/td><td>20-02-2020<\/td><td>01-09-2020<\/td><\/tr><tr><td>PROYECTOS<\/td><td>Indicadores de rentabilidad social en los medios de comunicaci\u00f3n para el desarrollo regional<\/td><td>01-01-2020<\/td><td>20-03-2023<\/td><\/tr><\/tbody><\/table><figcaption><strong><span class=\"has-inline-color has-vivid-cyan-blue-color\">2020<\/span><\/strong><\/figcaption><\/figure>\n\n\n\n<figure id=\"cph_Contenidos_gv_proyecto\" class=\"wp-block-table is-style-stripes\"><table><tbody><tr><td>ARTICULO 83 &#8211; CONTRATO DE ASISTENCIA TECNICA<\/td><td>GRABACI\u00d3N Y MONTAJE DE VIDEO PROMOCIONAL CEIP ISAAC ALBENIZ (CUENCA) PARA EL PROYECTO ERASMUS + BUILDING BRIDGES WITH MUSIC<\/td><td>17-12-2019<\/td><td>20-12-2019<\/td><td><\/td><\/tr><tr><td>PROYECTOS<\/td><td>PROYECTO FORMATIVO DIPUTACI\u00d3N CUENCA 2019: JOS\u00c9 MAR\u00cdA L\u00d3PEZ BELINCH\u00d3N<\/td><td>01-10-2019<\/td><td>07-06-2020<\/td><td><\/td><\/tr><tr><td>ARTICULO 83 &#8211; CONTRATO DE ASISTENCIA TECNICA<\/td><td>REALIZACI\u00d3N DE INFORME DE INVESTIGACI\u00d3N SOBRE LA REPRESENTACI\u00d3N DEL LIDERAZGO DE NI\u00d1AS Y J\u00d3VENES EN LA FICCI\u00d3N AUDIOVISUAL<\/td><td>01-07-2019<\/td><td>30-09-2019<\/td><td><\/td><\/tr><tr><td>OTRAS ACCIONES INVESTIGACION<\/td><td>Narrativas y representaciones de la crisis de migrantes y refugiados europea en las noticias de televisi\u00f3n y en las redes sociales: de la opini\u00f3n a la acci\u00f3n (2000-2020) REF.EIN2019-103206 (AEI-MICINN)<\/td><td>01-06-2019<\/td><td>31-12-2020<\/td><td><\/td><\/tr><tr><td>ARTICULO 83 &#8211; CONTRATO DE I+D<\/td><td>DESARROLLO DE HARDWARE PARA SENSORES DE INTERNET DE LAS COSAS DENTRO DEL PROYECTO CUENCA CIUDAD INTELIGENTE<\/td><td>15-02-2019<\/td><td>15-12-2020<\/td><td><\/td><\/tr><tr><td>ARTICULO 83 &#8211; CONTRATO DE I+D<\/td><td>DESARROLLO DE UN FIRMWARE PARA SENSORES DEL INTERNET DE LAS COSAS DEL PROYECTO CUENCA CIUDAD INTELITENGE<\/td><td>15-02-2019<\/td><td>15-12-2020<\/td><td><\/td><\/tr><tr><td>ARTICULO 83 &#8211; CONTRATO DE ASISTENCIA TECNICA<\/td><td>APOYO A LA ELABORACI\u00d3N Y DINAMIZACI\u00d3N DE UN CURSO ONLINE SOBRE TRATA DE MUJERES Y NI\u00d1AS CON FINES DE EXPLOTACI\u00d3N SEXUAL<\/td><td>01-02-2019<\/td><td>15-04-2019<\/td><td><\/td><\/tr><tr><td>PROYECTOS<\/td><td>LA DIPLOMACIA P\u00daBLICA DE LAS MEGA-CIUDADES IBEROAMERICANAS: ESTRATEGIAS DE COMUNICACI\u00d3N Y PODER BLANDO PARA INFLUIR EN LA LEGISLACI\u00d3N AMBIENTAL GLOBAL (MCI\/AEI\/FEDER, UE). REF.: RTI2018-096733-B-I00)<\/td><td>01-01-2019<\/td><td>30-09-2022<\/td><td><\/td><\/tr><\/tbody><\/table><figcaption><strong><span class=\"has-inline-color has-vivid-cyan-blue-color\">2019<\/span><\/strong><\/figcaption><\/figure>\n\n\n\n<figure id=\"cph_Contenidos_gv_proyecto\" class=\"wp-block-table is-style-stripes\"><table><tbody><tr><td>PROYECTOS<\/td><td><a href=\"https:\/\/www.uiacuenca.es\/\" target=\"_blank\" rel=\"noreferrer noopener\">URBAN FOREST INNOVATION LAB<\/a><\/td><td>01-11-2018<\/td><td>31-10-2022<\/td><\/tr><tr><td>PROYECTOS<\/td><td>PROYECTO FORMATIVO DIPUTACI\u00d3N CUENCA 2017: BECARIO JUAN IGNACIO CANTERO DE JULI\u00c1N<\/td><td>01-10-2018<\/td><td>31-03-2019<\/td><\/tr><tr><td>PROYECTOS<\/td><td>CARACTERIZACI\u00d3N DEL SUSTRATO AURICULAR MEDIANTE AN\u00c1LISIS DE SE\u00d1AL COMO HERRAMIENTA DE ASISTENCIA PROCEDIMIENTAL EN ABLACI\u00d3N POR CAT\u00c9TER DE FIBRILACI\u00d3N AURICULAR<\/td><td>01-09-2018<\/td><td>18-11-2022<\/td><\/tr><tr><td>PROYECTOS<\/td><td>DESARROLLO DE METODOS COMPUTACIONALES SOBRE REGISTROS DE SUPERFICIE EN ABLACION POR CATETER PARA LA EVALUACION DEL SUSTRATO ARRITMOGENICO EN PACIENTES CON FIBRILACION AURICULAR (MINECO\/AEI\/FEDER. REF.: DPI2017-83952-C3-3-R)<\/td><td>01-01-2018<\/td><td>30-09-2021<\/td><\/tr><tr><td>ARTICULO 83 &#8211; CONTRATO DE ASISTENCIA TECNICA<\/td><td>APOYO A LA ELABORACI\u00d3N Y DINAMIZACI\u00d3N DE UN CURSO ONLINE SOBRE TRATA DE MUJERES Y NI\u00d1AS CON FINES DE EXPLOTACI\u00d3N SEXUAL<\/td><td>01-01-2018<\/td><td>30-03-2018<\/td><\/tr><\/tbody><\/table><figcaption><strong><span class=\"has-inline-color has-vivid-cyan-blue-color\">2018<\/span><\/strong><\/figcaption><\/figure>\n\n\n\n<p><\/p>\n","protected":false},"excerpt":{"rendered":"<p>ARTICULO 83 &#8211; CONTRATO DE ASISTENCIA TECNICA Agenda de Alfabetizaci\u00f3n medi\u00e1tica audiovisual consistente en el estudio de los procesos de desinformaci\u00f3n y consumo responsable de contenidos audiovisuales en los ciudadanos de Castilla-La Mancha. 14-09-2021 13-12-2021 CATEDRA-AULA AULA NOWA-FLM DE INNOVACI\u00d3N ABIERTA PARA EL RETO DEMOGR\u00c1FICO EN LA UNIVERSIDAD DE CASTILLA LA MANCHA 30-07-2021 29-07-2022 PROYECTOS [&hellip;]<div class=\"clearfix\"><\/div><br \/><a class=\"btn btn-sm btn-info\" title=\"Leer m&aacute;s sobre Proyectos\" href=\"https:\/\/itav.uclm.es\/itav\/?page_id=11\">Continuar Leyendo<\/a><\/p>\n","protected":false},"author":2,"featured_media":0,"parent":0,"menu_order":0,"comment_status":"closed","ping_status":"closed","template":"","meta":[],"_links":{"self":[{"href":"https:\/\/itav.uclm.es\/itav\/index.php?rest_route=\/wp\/v2\/pages\/11"}],"collection":[{"href":"https:\/\/itav.uclm.es\/itav\/index.php?rest_route=\/wp\/v2\/pages"}],"about":[{"href":"https:\/\/itav.uclm.es\/itav\/index.php?rest_route=\/wp\/v2\/types\/page"}],"author":[{"embeddable":true,"href":"https:\/\/itav.uclm.es\/itav\/index.php?rest_route=\/wp\/v2\/users\/2"}],"replies":[{"embeddable":true,"href":"https:\/\/itav.uclm.es\/itav\/index.php?rest_route=%2Fwp%2Fv2%2Fcomments&post=11"}],"version-history":[{"count":11,"href":"https:\/\/itav.uclm.es\/itav\/index.php?rest_route=\/wp\/v2\/pages\/11\/revisions"}],"predecessor-version":[{"id":1263,"href":"https:\/\/itav.uclm.es\/itav\/index.php?rest_route=\/wp\/v2\/pages\/11\/revisions\/1263"}],"wp:attachment":[{"href":"https:\/\/itav.uclm.es\/itav\/index.php?rest_route=%2Fwp%2Fv2%2Fmedia&parent=11"}],"curies":[{"name":"wp","href":"https:\/\/api.w.org\/{rel}","templated":true}]}}