{"id":17,"date":"2015-01-09T09:34:25","date_gmt":"2015-01-09T09:34:25","guid":{"rendered":"http:\/\/161.67.146.35\/itav\/?page_id=17"},"modified":"2021-10-26T09:56:50","modified_gmt":"2021-10-26T08:56:50","slug":"contactos","status":"publish","type":"page","link":"https:\/\/itav.uclm.es\/itav\/?page_id=17","title":{"rendered":"Contacto"},"content":{"rendered":"<ul>\n<li>\n<table style=\"width: 1396px; height: 355px;\" border=\"0\" width=\"1396\" cellspacing=\"0\" cellpadding=\"0\">\n<tbody>\n<tr>\n<td align=\"center\" width=\"90%\">\n<h3 style=\"text-align: left;\">ITAV &#8211; Instituto de Tecnolog\u00edas Audiovisuales<\/h3>\n<p style=\"text-align: left;\">Campus Universitario S\/N. 16071 &#8211; Cuenca (Espa\u00f1a)<\/p>\n<p style=\"text-align: left;\">Director: Jos\u00e9 Manuel Pastor Garc\u00eda<br \/>Tlf: (+34) 969 179 100 Ext: 4763, 14763<br \/>M\u00f3vil: 618 80 44 46<br \/>Email: <a title=\"Correo Director\" href=\"mailto:JoseManuel.Pastor@uclm.es\">JoseManuel.Pastor@uclm.es<\/a><\/p>\n<p style=\"text-align: left;\">Subdirector: Arturo Mart\u00ednez Rodrigo<br \/>Tlf: (+34) 969 179 100 Ext: 4822<br \/>Email: <a title=\"Correo Subdirector\" href=\"mailto:JuanJose.deDios@uclm.es\">Arturo.Martinez@uclm.es <\/a><\/p>\n<p><iframe loading=\"lazy\" src=\"http:\/\/maps.google.es\/maps\/ms?ie=UTF8&amp;hl=es&amp;msa=0&amp;msid=106858766143132448675.000489a0f2ce9e556ee7e&amp;t=h&amp;ll=40.078999,-2.148187&amp;spn=0.001642,0.004179&amp;z=18&amp;output=embed\" width=\"780\" height=\"400\" frameborder=\"0\" marginwidth=\"0\" marginheight=\"0\" scrolling=\"no\"><\/iframe><\/p>\n<p>Ver <a href=\"http:\/\/maps.google.es\/maps\/ms?ie=UTF8&amp;hl=es&amp;msa=0&amp;msid=106858766143132448675.000489a0f2ce9e556ee7e&amp;t=h&amp;ll=40.078999,-2.148187&amp;spn=0.001642,0.004179&amp;z=18&amp;source=embed\">ITAV<\/a> en un mapa m\u00e1s grande<\/p>\n<\/td>\n<\/tr>\n<\/tbody>\n<\/table>\n<\/li>\n<\/ul>\n\n\n<p><\/p>\n","protected":false},"excerpt":{"rendered":"<p>ITAV &#8211; Instituto de Tecnolog\u00edas Audiovisuales Campus Universitario S\/N. 16071 &#8211; Cuenca (Espa\u00f1a) Director: Jos\u00e9 Manuel Pastor Garc\u00edaTlf: (+34) 969 179 100 Ext: 4763, 14763M\u00f3vil: 618 80 44 46Email: JoseManuel.Pastor@uclm.es Subdirector: Arturo Mart\u00ednez RodrigoTlf: (+34) 969 179 100 Ext: 4822Email: Arturo.Martinez@uclm.es Ver ITAV en un mapa m\u00e1s grande<\/p>\n","protected":false},"author":2,"featured_media":0,"parent":0,"menu_order":0,"comment_status":"closed","ping_status":"closed","template":"","meta":[],"_links":{"self":[{"href":"https:\/\/itav.uclm.es\/itav\/index.php?rest_route=\/wp\/v2\/pages\/17"}],"collection":[{"href":"https:\/\/itav.uclm.es\/itav\/index.php?rest_route=\/wp\/v2\/pages"}],"about":[{"href":"https:\/\/itav.uclm.es\/itav\/index.php?rest_route=\/wp\/v2\/types\/page"}],"author":[{"embeddable":true,"href":"https:\/\/itav.uclm.es\/itav\/index.php?rest_route=\/wp\/v2\/users\/2"}],"replies":[{"embeddable":true,"href":"https:\/\/itav.uclm.es\/itav\/index.php?rest_route=%2Fwp%2Fv2%2Fcomments&post=17"}],"version-history":[{"count":6,"href":"https:\/\/itav.uclm.es\/itav\/index.php?rest_route=\/wp\/v2\/pages\/17\/revisions"}],"predecessor-version":[{"id":1158,"href":"https:\/\/itav.uclm.es\/itav\/index.php?rest_route=\/wp\/v2\/pages\/17\/revisions\/1158"}],"wp:attachment":[{"href":"https:\/\/itav.uclm.es\/itav\/index.php?rest_route=%2Fwp%2Fv2%2Fmedia&parent=17"}],"curies":[{"name":"wp","href":"https:\/\/api.w.org\/{rel}","templated":true}]}}

<ul>
<li>
<table style="width: 1396px; height: 355px;" border="0" width="1396" cellspacing="0" cellpadding="0">
<tbody>
<tr>
<td align="center" width="90%">
<h3 style="text-align: left;">ITAV &#8211; Instituto de Tecnologías Audiovisuales</h3>
<p style="text-align: left;">Campus Universitario S/N. 16071 &#8211; Cuenca (España)</p>
<p style="text-align: left;">Director: José Manuel Pastor García<br />Tlf: (+34) 969 179 100 Ext: 4763, 14763<br />Móvil: 618 80 44 46<br />Email: <a title="Correo Director" href="mailto:JoseManuel.Pastor@uclm.es">JoseManuel.Pastor@uclm.es</a></p>
<p style="text-align: left;">Subdirector: Arturo Martínez Rodrigo<br />Tlf: (+34) 969 179 100 Ext: 4822<br />Email: <a title="Correo Subdirector" href="mailto:JuanJose.deDios@uclm.es">Arturo.Martinez@uclm.es </a></p>
<p><iframe loading="lazy" src="http://maps.google.es/maps/ms?ie=UTF8&amp;hl=es&amp;msa=0&amp;msid=106858766143132448675.000489a0f2ce9e556ee7e&amp;t=h&amp;ll=40.078999,-2.148187&amp;spn=0.001642,0.004179&amp;z=18&amp;output=embed" width="780" height="400" frameborder="0" marginwidth="0" marginheight="0" scrolling="no"></iframe></p>
<p>Ver <a href="http://maps.google.es/maps/ms?ie=UTF8&amp;hl=es&amp;msa=0&amp;msid=106858766143132448675.000489a0f2ce9e556ee7e&amp;t=h&amp;ll=40.078999,-2.148187&amp;spn=0.001642,0.004179&amp;z=18&amp;source=embed">ITAV</a> en un mapa más grande</p>
</td>
</tr>
</tbody>
</table>
</li>
</ul>


<p></p>

<p>ITAV &#8211; Instituto de Tecnologías Audiovisuales Campus Universitario S/N. 16071 &#8211; Cuenca (España) Director: José Manuel Pastor GarcíaTlf: (+34) 969 179 100 Ext: 4763, 14763Móvil: 618 80 44 46Email: JoseManuel.Pastor@uclm.es Subdirector: Arturo Martínez RodrigoTlf: (+34) 969 179 100 Ext: 4822Email: Arturo.Martinez@uclm.es Ver ITAV en un mapa más grande</p>
