{"id":23,"date":"2015-01-09T09:49:44","date_gmt":"2015-01-09T08:49:44","guid":{"rendered":"http:\/\/161.67.146.35\/itav\/?page_id=23"},"modified":"2021-10-26T11:23:06","modified_gmt":"2021-10-26T10:23:06","slug":"investigacion-en-ingenieria-electronica-biomedica-y-de-telecomunicacion-elbit","status":"publish","type":"page","link":"https:\/\/itav.uclm.es\/itav\/?page_id=23","title":{"rendered":"Grupo de Investigaci\u00f3n en Ingenier\u00eda Electr\u00f3nica, Biom\u00e9dica y de Telecomunicaci\u00f3n (ELBIT)"},"content":{"rendered":"<p><strong>El grupo de investigaci\u00f3n compuesto por diez profesores doctores, se dedica a la aplicaci\u00f3n de las TIC en el \u00e1mbito de la salud, la calidad de vida y los servicios sociales.<\/strong><\/p>\n<table border=\"0\" width=\"75%\" cellspacing=\"0\" cellpadding=\"0\" align=\"center\">\n<tbody>\n<tr>\n<td align=\"left\" valign=\"middle\">\n<p><strong>Se ocupa de las siguientes\u00a0L\u00edneas de Investigaci\u00f3n:<\/strong><\/p>\n<ul>\n<li>Predicci\u00f3n del riesgo de recurrencia de FA tras cardioversi\u00f3n exitosa.<\/li>\n<li>Caracterizaci\u00f3n del proceso desencadenante y de finalizaci\u00f3n en registros de FA Parox\u00edstica obtenidos de dispositivos Holter.<\/li>\n<li>Discriminaci\u00f3n de FA frente a Flutter Auricular, Ritmo Sinusal, etc. con fines terap\u00e9uticos en nuevos dispositivos implantables.<\/li>\n<li>Aplicaciones a medida de sistemas embebidos orientados a comunicaciones.<\/li>\n<li>Redes de Sensores Inal\u00e1mbricas de bajo consumo energ\u00e9tico.<\/li>\n<\/ul>\n<\/td>\n<\/tr>\n<\/tbody>\n<\/table>\n<p align=\"justify\">M\u00e1s informaci\u00f3n:\u00a0<a title=\"Grupo GiBi\" href=\"http:\/\/itav.uclm.es\/elbit\/elbit\/\">P\u00e1gina Web ELBIT<\/a> &#8211; <a href=\"https:\/\/www.uclm.es\/Home\/Misiones\/Investigacion\/OfertaCientificoTecnica\/GruposInvestigacion\/DetalleGrupo?idgrupo=318\">Web Oficial UCLM de ELBIT<\/a><\/p>\n\n\n<p><\/p>\n","protected":false},"excerpt":{"rendered":"<p>El grupo de investigaci\u00f3n compuesto por diez profesores doctores, se dedica a la aplicaci\u00f3n de las TIC en el \u00e1mbito de la salud, la calidad de vida y los servicios sociales. Se ocupa de las siguientes\u00a0L\u00edneas de Investigaci\u00f3n: Predicci\u00f3n del riesgo de recurrencia de FA tras cardioversi\u00f3n exitosa. Caracterizaci\u00f3n del proceso desencadenante y de finalizaci\u00f3n [&hellip;]<div class=\"clearfix\"><\/div><br \/><a class=\"btn btn-sm btn-info\" title=\"Leer m&aacute;s sobre Grupo de Investigaci\u00f3n en Ingenier\u00eda Electr\u00f3nica, Biom\u00e9dica y de Telecomunicaci\u00f3n (ELBIT)\" href=\"https:\/\/itav.uclm.es\/itav\/?page_id=23\">Continuar Leyendo<\/a><\/p>\n","protected":false},"author":2,"featured_media":0,"parent":7,"menu_order":0,"comment_status":"closed","ping_status":"closed","template":"","meta":[],"_links":{"self":[{"href":"https:\/\/itav.uclm.es\/itav\/index.php?rest_route=\/wp\/v2\/pages\/23"}],"collection":[{"href":"https:\/\/itav.uclm.es\/itav\/index.php?rest_route=\/wp\/v2\/pages"}],"about":[{"href":"https:\/\/itav.uclm.es\/itav\/index.php?rest_route=\/wp\/v2\/types\/page"}],"author":[{"embeddable":true,"href":"https:\/\/itav.uclm.es\/itav\/index.php?rest_route=\/wp\/v2\/users\/2"}],"replies":[{"embeddable":true,"href":"https:\/\/itav.uclm.es\/itav\/index.php?rest_route=%2Fwp%2Fv2%2Fcomments&post=23"}],"version-history":[{"count":8,"href":"https:\/\/itav.uclm.es\/itav\/index.php?rest_route=\/wp\/v2\/pages\/23\/revisions"}],"predecessor-version":[{"id":1181,"href":"https:\/\/itav.uclm.es\/itav\/index.php?rest_route=\/wp\/v2\/pages\/23\/revisions\/1181"}],"up":[{"embeddable":true,"href":"https:\/\/itav.uclm.es\/itav\/index.php?rest_route=\/wp\/v2\/pages\/7"}],"wp:attachment":[{"href":"https:\/\/itav.uclm.es\/itav\/index.php?rest_route=%2Fwp%2Fv2%2Fmedia&parent=23"}],"curies":[{"name":"wp","href":"https:\/\/api.w.org\/{rel}","templated":true}]}}