{"id":25,"date":"2015-01-11T17:22:18","date_gmt":"2015-01-11T17:22:18","guid":{"rendered":"http:\/\/161.67.146.35\/itav\/?page_id=25"},"modified":"2021-10-26T11:48:50","modified_gmt":"2021-10-26T10:48:50","slug":"estudio-de-grabacion-de-sonido","status":"publish","type":"page","link":"https:\/\/itav.uclm.es\/itav\/?page_id=25","title":{"rendered":"Estudios de Radio y Grabaci\u00f3n de Sonido"},"content":{"rendered":"<table border=\"0\" width=\"100%\" cellspacing=\"0\" cellpadding=\"0\">\n<tbody>\n<tr>\n<td width=\"90%\">\n<table border=\"0\" width=\"75%\" cellspacing=\"0\" cellpadding=\"0\" align=\"center\">\n<tbody>\n<tr>\n<td valign=\"middle\" width=\"100%\">Podemos hacer cualquier tipo de producci\u00f3n contando con microfonia din\u00e1mica, condensador, directos, ambientes, etc. para utilizar un espacio preparado como estudio de grabaci\u00f3n gracias al dise\u00f1o de materiales del mismo. Los procesados digitales y captaci\u00f3n se realizan con el sistema Protools HD a trav\u00e9s de tarjetas DIGIDESIGN, controlando todo el sistema desde un Mac-Pro. Todo est\u00e1 distribuido en tres salas, dos controles y una sala de grabaci\u00f3n. Producciones semiprofesionales. Consulte nuestras <a href=\"http:\/\/itav.uclm.es\/itav\/wp-content\/uploads\/2021\/10\/Tarifas_ITAV_v2-1.pdf\">tarifas<\/a>.\n<p>\u00a0<\/p>\n<p style=\"text-align: center;\">\u00a0<div id=\"metaslider-id-213\" style=\"width: 100%; margin: 0 auto;\" class=\"ml-slider-3-20-3 metaslider metaslider-flex metaslider-213 ml-slider\">\n    <div id=\"metaslider_container_213\">\n        <div id=\"metaslider_213\">\n            <ul aria-live=\"polite\" class=\"slides\">\n                <li style=\"display: none; width: 100%;\" class=\"slide-216 ms-image\"><img src=\"https:\/\/itav.uclm.es\/itav\/wp-content\/uploads\/2015\/01\/estudioSonido41.jpg\" height=\"478\" width=\"640\" alt=\"Estudio de Grabaci\u00f3n de Sonido 3\" class=\"slider-213 slide-216\" title=\"Estudio de Grabaci\u00f3n de Sonido 3\" \/><div class=\"caption-wrap\"><div class=\"caption\">Estudio de Grabaci\u00f3n de Sonido 3<\/div><\/div><\/li>\n                <li style=\"display: none; width: 100%;\" class=\"slide-215 ms-image\"><img src=\"https:\/\/itav.uclm.es\/itav\/wp-content\/uploads\/2015\/01\/estudioSonido31.jpg\" height=\"478\" width=\"640\" alt=\"Estudio de Grabaci\u00f3n de Sonido 2\" class=\"slider-213 slide-215\" title=\"Estudio de Grabaci\u00f3n de Sonido 2\" \/><div class=\"caption-wrap\"><div class=\"caption\">Estudio de Grabaci\u00f3n de Sonido 2<\/div><\/div><\/li>\n                <li style=\"display: none; width: 100%;\" class=\"slide-217 ms-image\"><img src=\"https:\/\/itav.uclm.es\/itav\/wp-content\/uploads\/2015\/01\/estudioSonido5.jpg\" height=\"478\" width=\"640\" alt=\"Estudio de Grabaci\u00f3n de Sonido 4\" class=\"slider-213 slide-217\" title=\"Estudio de Grabaci\u00f3n de Sonido 4\" \/><div class=\"caption-wrap\"><div class=\"caption\">Estudio de Grabaci\u00f3n de Sonido 4<\/div><\/div><\/li>\n                <li style=\"display: none; width: 100%;\" class=\"slide-214 ms-image\"><img src=\"https:\/\/itav.uclm.es\/itav\/wp-content\/uploads\/2015\/01\/estudioSonido11.jpg\" height=\"478\" width=\"640\" alt=\"Estudio de Grabaci\u00f3n de Sonido 1\" class=\"slider-213 slide-214\" title=\"Estudio de Grabaci\u00f3n de Sonido 1\" \/><div class=\"caption-wrap\"><div class=\"caption\">Estudio de Grabaci\u00f3n de Sonido 1<\/div><\/div><\/li>\n                <li style=\"display: none; width: 100%;\" class=\"slide-218 ms-image\"><img src=\"https:\/\/itav.uclm.es\/itav\/wp-content\/uploads\/2015\/01\/estudioSonido6.jpg\" height=\"478\" width=\"640\" alt=\"Estudio de Grabaci\u00f3n de Sonido 5\" class=\"slider-213 slide-218\" title=\"Estudio de Grabaci\u00f3n de Sonido 5\" \/><div class=\"caption-wrap\"><div class=\"caption\">Estudio de Grabaci\u00f3n de Sonido 5<\/div><\/div><\/li>\n            <\/ul>\n        <\/div>\n        \n    <\/div>\n<\/div><\/p>\n<\/td>\n<\/tr>\n<\/tbody>\n<\/table>\n<\/td>\n<td width=\"5%\">\u00a0<\/td>\n<\/tr>\n<\/tbody>\n<\/table>\n\n\n<p><\/p>\n","protected":false},"excerpt":{"rendered":"<p>Podemos hacer cualquier tipo de producci\u00f3n contando con microfonia din\u00e1mica, condensador, directos, ambientes, etc. para utilizar un espacio preparado como estudio de grabaci\u00f3n gracias al dise\u00f1o de materiales del mismo. Los procesados digitales y captaci\u00f3n se realizan con el sistema Protools HD a trav\u00e9s de tarjetas DIGIDESIGN, controlando todo el sistema desde un Mac-Pro. Todo [&hellip;]<div class=\"clearfix\"><\/div><br \/><a class=\"btn btn-sm btn-info\" title=\"Leer m&aacute;s sobre Estudios de Radio y Grabaci\u00f3n de Sonido\" href=\"https:\/\/itav.uclm.es\/itav\/?page_id=25\">Continuar Leyendo<\/a><\/p>\n","protected":false},"author":2,"featured_media":0,"parent":9,"menu_order":0,"comment_status":"closed","ping_status":"closed","template":"","meta":[],"_links":{"self":[{"href":"https:\/\/itav.uclm.es\/itav\/index.php?rest_route=\/wp\/v2\/pages\/25"}],"collection":[{"href":"https:\/\/itav.uclm.es\/itav\/index.php?rest_route=\/wp\/v2\/pages"}],"about":[{"href":"https:\/\/itav.uclm.es\/itav\/index.php?rest_route=\/wp\/v2\/types\/page"}],"author":[{"embeddable":true,"href":"https:\/\/itav.uclm.es\/itav\/index.php?rest_route=\/wp\/v2\/users\/2"}],"replies":[{"embeddable":true,"href":"https:\/\/itav.uclm.es\/itav\/index.php?rest_route=%2Fwp%2Fv2%2Fcomments&post=25"}],"version-history":[{"count":9,"href":"https:\/\/itav.uclm.es\/itav\/index.php?rest_route=\/wp\/v2\/pages\/25\/revisions"}],"predecessor-version":[{"id":1187,"href":"https:\/\/itav.uclm.es\/itav\/index.php?rest_route=\/wp\/v2\/pages\/25\/revisions\/1187"}],"up":[{"embeddable":true,"href":"https:\/\/itav.uclm.es\/itav\/index.php?rest_route=\/wp\/v2\/pages\/9"}],"wp:attachment":[{"href":"https:\/\/itav.uclm.es\/itav\/index.php?rest_route=%2Fwp%2Fv2%2Fmedia&parent=25"}],"curies":[{"name":"wp","href":"https:\/\/api.w.org\/{rel}","templated":true}]}}

Estudios de Radio y Grabación de Sonido

<table border="0" width="100%" cellspacing="0" cellpadding="0">
<tbody>
<tr>
<td width="90%">
<table border="0" width="75%" cellspacing="0" cellpadding="0" align="center">
<tbody>
<tr>
<td valign="middle" width="100%">Podemos hacer cualquier tipo de producción contando con microfonia dinámica, condensador, directos, ambientes, etc. para utilizar un espacio preparado como estudio de grabación gracias al diseño de materiales del mismo. Los procesados digitales y captación se realizan con el sistema Protools HD a través de tarjetas DIGIDESIGN, controlando todo el sistema desde un Mac-Pro. Todo está distribuido en tres salas, dos controles y una sala de grabación. Producciones semiprofesionales. Consulte nuestras <a href="http://itav.uclm.es/itav/wp-content/uploads/2021/10/Tarifas_ITAV_v2-1.pdf">tarifas</a>.
<p> </p>
<p style="text-align: center;"> <div id="metaslider-id-213" style="width: 100%; margin: 0 auto;" class="ml-slider-3-20-3 metaslider metaslider-flex metaslider-213 ml-slider">
    <div id="metaslider_container_213">
        <div id="metaslider_213">
            <ul aria-live="polite" class="slides">
                <li style="display: none; width: 100%;" class="slide-216 ms-image"><img src="https://itav.uclm.es/itav/wp-content/uploads/2015/01/estudioSonido41.jpg" height="478" width="640" alt="Estudio de Grabación de Sonido 3" class="slider-213 slide-216" title="Estudio de Grabación de Sonido 3" /><div class="caption-wrap"><div class="caption">Estudio de Grabación de Sonido 3</div></div></li>
                <li style="display: none; width: 100%;" class="slide-215 ms-image"><img src="https://itav.uclm.es/itav/wp-content/uploads/2015/01/estudioSonido31.jpg" height="478" width="640" alt="Estudio de Grabación de Sonido 2" class="slider-213 slide-215" title="Estudio de Grabación de Sonido 2" /><div class="caption-wrap"><div class="caption">Estudio de Grabación de Sonido 2</div></div></li>
                <li style="display: none; width: 100%;" class="slide-217 ms-image"><img src="https://itav.uclm.es/itav/wp-content/uploads/2015/01/estudioSonido5.jpg" height="478" width="640" alt="Estudio de Grabación de Sonido 4" class="slider-213 slide-217" title="Estudio de Grabación de Sonido 4" /><div class="caption-wrap"><div class="caption">Estudio de Grabación de Sonido 4</div></div></li>
                <li style="display: none; width: 100%;" class="slide-214 ms-image"><img src="https://itav.uclm.es/itav/wp-content/uploads/2015/01/estudioSonido11.jpg" height="478" width="640" alt="Estudio de Grabación de Sonido 1" class="slider-213 slide-214" title="Estudio de Grabación de Sonido 1" /><div class="caption-wrap"><div class="caption">Estudio de Grabación de Sonido 1</div></div></li>
                <li style="display: none; width: 100%;" class="slide-218 ms-image"><img src="https://itav.uclm.es/itav/wp-content/uploads/2015/01/estudioSonido6.jpg" height="478" width="640" alt="Estudio de Grabación de Sonido 5" class="slider-213 slide-218" title="Estudio de Grabación de Sonido 5" /><div class="caption-wrap"><div class="caption">Estudio de Grabación de Sonido 5</div></div></li>
            </ul>
        </div>
        
    </div>
</div></p>
</td>
</tr>
</tbody>
</table>
</td>
<td width="5%"> </td>
</tr>
</tbody>
</table>


<p></p>

<p>Podemos hacer cualquier tipo de producción contando con microfonia dinámica, condensador, directos, ambientes, etc. para utilizar un espacio preparado como estudio de grabación gracias al diseño de materiales del mismo. Los procesados digitales y captación se realizan con el sistema Protools HD a través de tarjetas DIGIDESIGN, controlando todo el sistema desde un Mac-Pro. Todo [&hellip;]<div class="clearfix"></div><br /><a class="btn btn-sm btn-info" title="Leer m&aacute;s sobre Estudios de Radio y Grabación de Sonido" href="https://itav.uclm.es/itav/?page_id=25">Continuar Leyendo</a></p>
